he prime factors of h?
2
Let r = -122 + 125. Let b(i) = 60*i + 5. List the prime factors of b(r).
5, 37
Suppose -22*x + 1233 + 8975 = 0. List the prime factors of x.
2, 29
What are the prime factors of 3269068/814 - (-4)/(-74)?
2, 251
Let l(h) = 6*h**2 - 17*h + 438. What are the prime factors of l(-28)?
2, 53
Let h be (1 + 2)*3/(-9). Let o(j) = -4*j**3 + j**2 - j - 1. Let m be o(h). Suppose y + 91 = 5*b + m*y, 3*b - 61 = 4*y. List the prime factors of b.
19
Let j(s) = 58*s - 1196. What are the prime factors of j(31)?
2, 7, 43
Let s be 14/(((-30)/(-27))/5). Suppose -6*u = s - 447. Suppose 5*w = 36 + u. What are the prime factors of w?
2, 5
Let f(a) = -2*a - 41. Let k be f(-20). List the prime factors of (k/(-2))/(10590/1764 - 6).
3, 7
Let y = 28 + -42. Let f = y - -14. Suppose -2*k = -3*j + 58, -5*k + 42 = -f*j + j. List the prime factors of j.
2, 11
Let f = 2804 - 471. What are the prime factors of f?
2333
Let a be (22/(-33))/(1/(-3)). Suppose -154 = 3*c + j, -a*j = -0*c + 2*c + 108. Let b = c - -99. List the prime factors of b.
7
Let p = 958 + -636. List the prime factors of p.
2, 7, 23
Let c(s) = 3*s**2 + 7*s - 54. List the prime factors of c(-7).
2, 11
List the prime factors of ((-1593)/(-15))/((-30)/(-200)).
2, 3, 59
Let t = 17 + -14. Suppose -4 - 5 = -t*b. Suppose b*h + 7 = -2, 42 = p - 4*h. What are the prime factors of p?
2, 3, 5
Suppose -3*k + 5*a = -0*k - 157, 0 = -3*k - 5*a + 107. Let u = 30 - k. List the prime factors of (15 - 7)*u/(-8).
2, 7
Let z(q) = 3*q**2 - 4 - 5*q**2 + 9*q**2. Let h be z(3). Let k = -4 + h. List the prime factors of k.
5, 11
Let n be 65 - 2*(-2)/4. Let u be 24/44 - (-176)/121. What are the prime factors of 583/n + u/12?
3
Suppose -19*x = -21*x + 16. Suppose -80 = -x*m + 248. What are the prime factors of m?
41
Suppose 5*q - 2411 = 2*r, -q - 4*q + 2425 = 5*r. List the prime factors of q.
3, 7, 23
Let s = 46 - 46. Suppose s*i - 14 = -7*i. List the prime factors of i.
2
Let n(r) = 8*r + 5. Suppose 4*f + 5 = -4*g + 29, -5*f - 3*g + 22 = 0. Suppose f*m - 7*m + 25 = 0. List the prime factors of n(m).
3, 5
Let x be (0 - 0)*(3 - 2). Suppose -3*w + 2*g + 8 = x, -3*w - 5 = -7*w - 3*g. Let o(k) = k**3 + 2*k**2 - 4*k + 3. What are the prime factors of o(w)?
11
Suppose -5*k + 5 = 0, 6*k = w + 8*k - 6. Suppose -f = -2*t + 204, 589 - 73 = 5*t - w*f. List the prime factors of t.
2, 5
List the prime factors of (1 - (0 - 1)) + 449.
11, 41
Let r(o) = o**2 + 13*o + 5. Let m be r(-12). Let i = 5 + m. Let h(w) = -8*w**3 - 2. List the prime factors of h(i).
2, 31
Suppose -2*q = -4*l - 36, -l - 28 = 3*l - 4*q. Let i = l - -13. List the prime factors of (-7)/(14/(-4)) + i.
2
List the prime factors of 6/9*(-11)/((-88)/33156).
3, 307
Let i(x) = 5*x**2 - 2 + 0 - 4*x**2 + 2*x - 3*x**3 + 3. Let m be i(-1). Suppose 20 = m*s - 31. What are the prime factors of s?
17
Let s = 187 + -76. What are the prime factors of s?
3, 37
Let u(a) = -a**2 + 18*a - 28. Suppose -4*h = 2*h - 24. Suppose -h*b = 6 - 54. List the prime factors of u(b).
2, 11
List the prime factors of (-2804)/(-3) - (-9 + (-261)/(-27)).
2, 467
Suppose -4*w + 16 = -16. Suppose -4*g - 482 = -6*g - 3*h, -w = -4*h. List the prime factors of g.
2, 7, 17
Let z(u) = u**3 - 4*u**2 + 5*u - 4. Let h be z(3). Suppose 39 = 3*f + 4*k - 31, -45 = -h*f - 3*k. Let w = -15 + f. List the prime factors of w.
3, 5
Let i(t) = t**3 - 2*t**2 - 6*t + 4. Suppose 0 = -3*q - 6 - 12. Let z = q + 10. What are the prime factors of i(z)?
2, 3
Let j(a) = -6*a**3 - 5*a**2 - 4*a - 5. Let u be j(-4). Suppose u = 7*c - 42. List the prime factors of c.
3, 17
Let p be (((-16)/2)/8)/(1/(-19)). Suppose -n + 2*g + p + 156 = 0, 3*g = 3*n - 525. List the prime factors of n.
5, 7
Suppose -83 = -2*y + 3. Suppose -2*h + 225 = y. List the prime factors of h.
7, 13
Suppose -17*v + 30 = -2*v. List the prime factors of ((-84)/(-15))/(v/65) - -1.
3, 61
List the prime factors of ((-18298)/(-21))/(14/21).
1307
Let k(p) = 129*p**2 + 0 + 77*p**2 - 5 - 6*p - 22*p**2. List the prime factors of k(-1).
5, 37
Let z be ((-24)/6)/(6/(-33)). Let f be 2/((-4)/z - 0). Let j = f - -38. List the prime factors of j.
3
What are the prime factors of (-3)/9 - 0 - 11305/(-21)?
2, 269
Let b(x) = 3*x**2 + 21*x**2 + 3*x + 4 + 0*x + 2*x**2. What are the prime factors of b(-2)?
2, 3, 17
Suppose -52*x + 49*x + 465 = 0. List the prime factors of x.
5, 31
Let k(j) = -7*j. Let c be k(-8). Let f = c - 24. List the prime factors of f.
2
Let k(h) = -h**3 + 12*h**2 - 10*h - 7. Let b be k(11). List the prime factors of -2 - (-188)/(16/b).
3, 5
Let i(k) = -8*k + 17. Let c(u) = 17*u - 35. Let d(g) = -3*c(g) - 7*i(g). Suppose 5*p - 39 = 2*p. What are the prime factors of d(p)?
3, 17
Let v(n) = 180*n - 7. Let i(k) = 361*k - 15. Let d(j) = 2*i(j) - 5*v(j). List the prime factors of d(-1).
3, 61
Let p = -65 - -75. Let m(n) = 16*n + 32. What are the prime factors of m(p)?
2, 3
Suppose 15*u = 13890 + 26445. List the prime factors of u.
2689
Suppose -2*o = -p - 27, -3*p + p - o - 54 = 0. Let h = p + 44. What are the prime factors of h?
17
Let t = 798 + -722. Suppose 0 = -0*g + 2*g + 70. Let r = g + t. List the prime factors of r.
41
Suppose -4*b - 29 = 3*a + 22, -3*a + 69 = -4*b. Let l be (-2)/(-6) + (-4688)/24. What are the prime factors of (6/b)/(3/l)?
2, 13
Let c(z) = 73*z + 3395. List the prime factors of c(0).
5, 7, 97
Let u be 0 + 1 - (-2 - -1). Let x = -39 - -45. List the prime factors of 6 - x/(u + -4).
3
Suppose -9*m + 8*m = -5. Suppose -474 = -5*z - 3*k - 0*k, m*z - 488 = 4*k. What are the prime factors of z?
2, 3
Let z(h) = -h**3 + 3*h**2 - 1. Let g be z(3). Let v be -8 - 3/g - 2. Let b(f) = -2*f + 3. What are the prime factors of b(v)?
17
Suppose 2*p - 3 = -w, 0*p = -3*p + 9. What are the prime factors of -1*w/(-2) + 394/4?
97
Let i(k) = -8 + k + 10 - 13. Let n be i(9). Let s(u) = -9*u**3 - 2*u**2 + 2*u. What are the prime factors of s(n)?
2, 3, 5
Let d be 1/((-9)/6)*-15. List the prime factors of (-3 + 4)*0 + d.
2, 5
Suppose -5*a = -8*a + 54. Let p = a - -35. What are the prime factors of p?
53
Suppose -4*n + 5*z = -15, 4*n + z - 22 = -z. Suppose 0 = n*t - 5*l - 490, -4*t = l - 8 - 359. What are the prime factors of t?
3, 31
Let y(h) be the third derivative of -5*h**4/12 - 13*h**3/6 - 13*h**2. What are the prime factors of y(-7)?
3, 19
Let u be (6/6)/((-3)/189). Suppose 0 = 3*i - 3*d + d + 58, 0 = -i + 2*d - 26. Let n = i - u. List the prime factors of n.
47
Suppose 0 = -u + 15 - 6. Let t = u - -12. List the prime factors of t.
3, 7
Suppose 315 = u + 2*k, 280 + 685 = 3*u + 2*k. List the prime factors of u.
5, 13
Let d be ((-4)/(-8))/(4/1440). Suppose -q = 4*u - 0*q - d, 3*q = 3*u - 135. Suppose u = 2*x - 13. List the prime factors of x.
29
Suppose -10*n + 11*n = -90. Let z = n + 153. What are the prime factors of z?
3, 7
Suppose -3*d + 2*d + 3 = 0. Suppose -d*l = 88 - 646. List the prime factors of l.
2, 3, 31
Let o(z) = -z**3 + 12*z**2 + 13*z + 2. Let d be o(13). Suppose -3*l + 116 = -2*f, d*l = -f + 6*f + 92. What are the prime factors of l?
2, 3
Suppose -4*q + 3*q = 1. Let k(m) = 77*m**2 + m. List the prime factors of k(q).
2, 19
Suppose 2*z = 3*a, a - 5*a + 22 = z. Suppose -p = -2*n + z, 5*p + 6 = -2*n + 36. List the prime factors of n.
5
Let r(f) = -58*f - 93. What are the prime factors of r(-7)?
313
Let r(f) be the second derivative of f**5/5 - f**4/4 + f**3/6 + 2*f**2 + 13*f. What are the prime factors of r(2)?
2, 13
Suppose -2*l - k + 9 = 0, 1 + 13 = 4*l - 2*k. Suppose -l*c - 4*i + 12 = 0, -2*c + 2*i + 0*i + 2 = 0. What are the prime factors of c/10 - 49/(-5)?
2, 5
Suppose 0 = 2*c + 8, -4*c = 3*f - 57 - 173. What are the prime factors of f?
2, 41
Let t be 7/(21/20)*(-36)/(-8). List the prime factors of (-2 + (-39)/(-15))/(6/t).
3
Suppose 0 = -4*i - u + 10253, -2*i + 3*i + 2*u - 2572 = 0. List the prime factors of 6/(-4) - i/(-28).
2, 3, 5
Suppose -3*w + t - 1904 = -8*w, 5 = -5*t. List the prime factors of w.
3, 127
Let t(u) = -5*u**3 - 2*u**2 + 4*u. Let p(b) = -b**3 - b**2 + b. Let n(k) = -4*p(k) + t(k). Let l be n(3). List the prime factors of (-52)/((-3 - l)/(-3)).
2, 13
Let n(r) be the first derivative of 73*r**4/4 + 2*r**3/3 - r**2 + r + 9. Let o be n(1). List the prime factors of o/3 + 6/(-9).
2, 3
Let v = -28 + 20. What are the prime factors 